 {"id":99,"date":"2014-03-10T13:02:33","date_gmt":"2014-03-10T11:02:33","guid":{"rendered":"http:\/\/www.etsupervizor.com\/?page_id=99"},"modified":"2016-12-28T16:55:59","modified_gmt":"2016-12-28T14:55:59","slug":"bize-ulasin","status":"publish","type":"page","link":"https:\/\/www.etsgelisim.com\/?page_id=99","title":{"rendered":"Bize Ula\u015f\u0131n"},"content":{"rendered":"<p><object width=\"739\" height=\"118\" classid=\"clsid:d27cdb6e-ae6d-11cf-96b8-444553540000\" codebase=\"http:\/\/download.macromedia.com\/pub\/shockwave\/cabs\/flash\/swflash.cab#version=6,0,40,0\"><param name=\"quality\" value=\"high\" \/><param name=\"src\" value=\"et.swf\" \/><param name=\"pluginspage\" value=\"http:\/\/www.macromedia.com\/go\/getflashplayer\" \/><embed width=\"739\" height=\"118\" type=\"application\/x-shockwave-flash\" src=\"et.swf\" quality=\"high\" pluginspage=\"http:\/\/www.macromedia.com\/go\/getflashplayer\" \/><\/object><\/p>\n<h1><span style=\"line-height: 1.5em; color: #800000;\">Aysel Evran<\/span><\/h1>\n<ul>\n<li>\n<h2>E-mail : \u00a0<a href=\"mailto:aevran@etsupervizor.com\" target=\"_blank\">aevran@etsgelisim.com<\/a><\/h2>\n<\/li>\n<li>\n<h2>E-mail :\u00a0\u00a0<a href=\"mailto:ayselevran@ttmail.com\" target=\"_blank\">ayselevran@ttmail.com<\/a><\/h2>\n<\/li>\n<\/ul>\n<h2><\/h2>\n<hr \/>\n<h1>Contact:<\/h1>\n<h2>\u00c7i\u011fdem \u00c7elik<\/h2>\n<h2>E\u011fitim Koordinat\u00f6r\u00fc<\/h2>\n<h2><a href=\"mailto:ccelik@etsgelisim.com\">ccelik@etsgelisim.com<\/a><\/h2>\n<h2>0 535 390 1324<\/h2>\n<hr \/>\n<h1><span style=\"text-decoration: underline;\"><span style=\"color: #800000; text-decoration: underline;\">Merkez<\/span><\/span><\/h1>\n<ul>\n<li>\n<h2>\u00a0\u00a0<b>Head Quarter : Reinacherstrasse 156; 4053 Basel<\/b><\/h2>\n<\/li>\n<li>\n<h2>\u00a0<b>Tel: 061 \u2013 333 85 55<\/b><\/h2>\n<\/li>\n<\/ul>\n<h2><\/h2>\n<hr \/>\n<h1><span style=\"text-decoration: underline;\"><span style=\"color: #800000; text-decoration: underline;\">\u015eube<\/span><\/span><\/h1>\n<ul>\n<li>\n<h2><strong>T\u00fct\u00fcnc\u00fc Mehmet Efendi Cad. No:21\/12 G\u00f6ztepe-\u0130stanbul<\/strong><\/h2>\n<\/li>\n<li>\n<h2><strong>Tel : 0532 733 2896<\/strong><\/h2>\n<\/li>\n<\/ul>\n<h2><\/h2>\n<hr \/>\n<p><object width=\"580\" height=\"140\" classid=\"clsid:D27CDB6E-AE6D-11cf-96B8-444553540000\" codebase=\"http:\/\/fpdownload.macromedia.com\/pub\/shockwave\/cabs\/flash\/swflash.cab#version=8,0,0,0\"><param name=\"movie\" value=\"http:\/\/www.dasbil.com\/510.swf\" \/><param name=\"quality\" value=\"high\" \/><embed src=\"http:\/\/www.dasbil.com\/510.swf\" quality=\"high\" type=\"application\/x-shockwave-flash\" width=\"580\" height=\"140\" pluginspage=\"http:\/\/www.macromedia.com\/go\/getflashplayer\" \/><\/object><\/p>\n<p>&nbsp;<\/p>\n<p>&nbsp;<\/p>\n<p>&nbsp;<\/p>\n<!-- AddThis Advanced Settings generic via filter on the_content --><!-- AddThis Share Buttons generic via filter on the_content -->","protected":false},"excerpt":{"rendered":"<p>Aysel Evran E-mail : \u00a0aevran@etsgelisim.com E-mail :\u00a0\u00a0ayselevran@ttmail.com Contact: \u00c7i\u011fdem \u00c7elik E\u011fitim Koordinat\u00f6r\u00fc ccelik@etsgelisim.com 0 535 390 1324 Merkez \u00a0\u00a0Head Quarter : Reinacherstrasse 156; 4053 Basel \u00a0Tel: 061 \u2013 333 85 55 \u015eube T\u00fct\u00fcnc\u00fc Mehmet Efendi Cad. No:21\/12 G\u00f6ztepe-\u0130stanbul Tel : 0532 733 2896 &nbsp; &nbsp; &nbsp;<!-- AddThis Advanced Settings generic via filter on wp_trim_excerpt --><!-- AddThis Share Buttons generic via filter on wp_trim_excerpt --><\/p>\n","protected":false},"author":1,"featured_media":0,"parent":0,"menu_order":0,"comment_status":"open","ping_status":"open","template":"","meta":{"footnotes":""},"class_list":["post-99","page","type-page","status-publish","hentry"],"yoast_head":"<!-- This site is optimized with the Yoast SEO plugin v27.4 - https:\/\/yoast.com\/product\/yoast-seo-wordpress\/ -->\n<title>Bize Ula\u015f\u0131n - Etsgelisim.com<\/title>\n<meta name=\"robots\" content=\"index, follow, max-snippet:-1, max-image-preview:large, max-video-preview:-1\" \/>\n<link rel=\"canonical\" href=\"https:\/\/www.etsgelisim.com\/?page_id=99\" \/>\n<meta property=\"og:locale\" content=\"tr_TR\" \/>\n<meta property=\"og:type\" content=\"article\" \/>\n<meta property=\"og:title\" content=\"Bize Ula\u015f\u0131n - Etsgelisim.com\" \/>\n<meta property=\"og:description\" content=\"Aysel Evran E-mail : \u00a0aevran@etsgelisim.com E-mail :\u00a0\u00a0ayselevran@ttmail.com Contact: \u00c7i\u011fdem \u00c7elik E\u011fitim Koordinat\u00f6r\u00fc ccelik@etsgelisim.com 0 535 390 1324 Merkez \u00a0\u00a0Head Quarter : Reinacherstrasse 156; 4053 Basel \u00a0Tel: 061 \u2013 333 85 55 \u015eube T\u00fct\u00fcnc\u00fc Mehmet Efendi Cad. No:21\/12 G\u00f6ztepe-\u0130stanbul Tel : 0532 733 2896 &nbsp; &nbsp; &nbsp;\" \/>\n<meta property=\"og:url\" content=\"https:\/\/www.etsgelisim.com\/?page_id=99\" \/>\n<meta property=\"og:site_name\" content=\"Etsgelisim.com\" \/>\n<meta property=\"article:modified_time\" content=\"2016-12-28T14:55:59+00:00\" \/>\n<script type=\"application\/ld+json\" class=\"yoast-schema-graph\">{\"@context\":\"https:\\\/\\\/schema.org\",\"@graph\":[{\"@type\":\"WebPage\",\"@id\":\"https:\\\/\\\/www.etsgelisim.com\\\/?page_id=99\",\"url\":\"https:\\\/\\\/www.etsgelisim.com\\\/?page_id=99\",\"name\":\"Bize Ula\u015f\u0131n - Etsgelisim.com\",\"isPartOf\":{\"@id\":\"https:\\\/\\\/www.etsgelisim.com\\\/#website\"},\"datePublished\":\"2014-03-10T11:02:33+00:00\",\"dateModified\":\"2016-12-28T14:55:59+00:00\",\"breadcrumb\":{\"@id\":\"https:\\\/\\\/www.etsgelisim.com\\\/?page_id=99#breadcrumb\"},\"inLanguage\":\"tr\",\"potentialAction\":[{\"@type\":\"ReadAction\",\"target\":[\"https:\\\/\\\/www.etsgelisim.com\\\/?page_id=99\"]}]},{\"@type\":\"BreadcrumbList\",\"@id\":\"https:\\\/\\\/www.etsgelisim.com\\\/?page_id=99#breadcrumb\",\"itemListElement\":[{\"@type\":\"ListItem\",\"position\":1,\"name\":\"Anasayfa\",\"item\":\"https:\\\/\\\/www.etsgelisim.com\\\/\"},{\"@type\":\"ListItem\",\"position\":2,\"name\":\"Bize Ula\u015f\u0131n\"}]},{\"@type\":\"WebSite\",\"@id\":\"https:\\\/\\\/www.etsgelisim.com\\\/#website\",\"url\":\"https:\\\/\\\/www.etsgelisim.com\\\/\",\"name\":\"Etsgelisim.com\",\"description\":\"E\u011fitim ve dan\u0131\u015fmanl\u0131k hizmetlerimizi kapsayan referanslar\u0131m\u0131z i\u00e7in, bize yaz\u0131n veya bizi aray\u0131n.\",\"potentialAction\":[{\"@type\":\"SearchAction\",\"target\":{\"@type\":\"EntryPoint\",\"urlTemplate\":\"https:\\\/\\\/www.etsgelisim.com\\\/?s={search_term_string}\"},\"query-input\":{\"@type\":\"PropertyValueSpecification\",\"valueRequired\":true,\"valueName\":\"search_term_string\"}}],\"inLanguage\":\"tr\"}]}<\/script>\n<!-- \/ Yoast SEO plugin. -->","yoast_head_json":{"title":"Bize Ula\u015f\u0131n - Etsgelisim.com","robots":{"index":"index","follow":"follow","max-snippet":"max-snippet:-1","max-image-preview":"max-image-preview:large","max-video-preview":"max-video-preview:-1"},"canonical":"https:\/\/www.etsgelisim.com\/?page_id=99","og_locale":"tr_TR","og_type":"article","og_title":"Bize Ula\u015f\u0131n - Etsgelisim.com","og_description":"Aysel Evran E-mail : \u00a0aevran@etsgelisim.com E-mail :\u00a0\u00a0ayselevran@ttmail.com Contact: \u00c7i\u011fdem \u00c7elik E\u011fitim Koordinat\u00f6r\u00fc ccelik@etsgelisim.com 0 535 390 1324 Merkez \u00a0\u00a0Head Quarter : Reinacherstrasse 156; 4053 Basel \u00a0Tel: 061 \u2013 333 85 55 \u015eube T\u00fct\u00fcnc\u00fc Mehmet Efendi Cad. No:21\/12 G\u00f6ztepe-\u0130stanbul Tel : 0532 733 2896 &nbsp; &nbsp; &nbsp;","og_url":"https:\/\/www.etsgelisim.com\/?page_id=99","og_site_name":"Etsgelisim.com","article_modified_time":"2016-12-28T14:55:59+00:00","schema":{"@context":"https:\/\/schema.org","@graph":[{"@type":"WebPage","@id":"https:\/\/www.etsgelisim.com\/?page_id=99","url":"https:\/\/www.etsgelisim.com\/?page_id=99","name":"Bize Ula\u015f\u0131n - Etsgelisim.com","isPartOf":{"@id":"https:\/\/www.etsgelisim.com\/#website"},"datePublished":"2014-03-10T11:02:33+00:00","dateModified":"2016-12-28T14:55:59+00:00","breadcrumb":{"@id":"https:\/\/www.etsgelisim.com\/?page_id=99#breadcrumb"},"inLanguage":"tr","potentialAction":[{"@type":"ReadAction","target":["https:\/\/www.etsgelisim.com\/?page_id=99"]}]},{"@type":"BreadcrumbList","@id":"https:\/\/www.etsgelisim.com\/?page_id=99#breadcrumb","itemListElement":[{"@type":"ListItem","position":1,"name":"Anasayfa","item":"https:\/\/www.etsgelisim.com\/"},{"@type":"ListItem","position":2,"name":"Bize Ula\u015f\u0131n"}]},{"@type":"WebSite","@id":"https:\/\/www.etsgelisim.com\/#website","url":"https:\/\/www.etsgelisim.com\/","name":"Etsgelisim.com","description":"E\u011fitim ve dan\u0131\u015fmanl\u0131k hizmetlerimizi kapsayan referanslar\u0131m\u0131z i\u00e7in, bize yaz\u0131n veya bizi aray\u0131n.","potentialAction":[{"@type":"SearchAction","target":{"@type":"EntryPoint","urlTemplate":"https:\/\/www.etsgelisim.com\/?s={search_term_string}"},"query-input":{"@type":"PropertyValueSpecification","valueRequired":true,"valueName":"search_term_string"}}],"inLanguage":"tr"}]}},"amp_enabled":true,"_links":{"self":[{"href":"https:\/\/www.etsgelisim.com\/index.php?rest_route=\/wp\/v2\/pages\/99","targetHints":{"allow":["GET"]}}],"collection":[{"href":"https:\/\/www.etsgelisim.com\/index.php?rest_route=\/wp\/v2\/pages"}],"about":[{"href":"https:\/\/www.etsgelisim.com\/index.php?rest_route=\/wp\/v2\/types\/page"}],"author":[{"embeddable":true,"href":"https:\/\/www.etsgelisim.com\/index.php?rest_route=\/wp\/v2\/users\/1"}],"replies":[{"embeddable":true,"href":"https:\/\/www.etsgelisim.com\/index.php?rest_route=%2Fwp%2Fv2%2Fcomments&post=99"}],"version-history":[{"count":31,"href":"https:\/\/www.etsgelisim.com\/index.php?rest_route=\/wp\/v2\/pages\/99\/revisions"}],"predecessor-version":[{"id":652,"href":"https:\/\/www.etsgelisim.com\/index.php?rest_route=\/wp\/v2\/pages\/99\/revisions\/652"}],"wp:attachment":[{"href":"https:\/\/www.etsgelisim.com\/index.php?rest_route=%2Fwp%2Fv2%2Fmedia&parent=99"}],"curies":[{"name":"wp","href":"https:\/\/api.w.org\/{rel}","templated":true}]}}